6.
15
What is the remainder when 7639 is divided by 11?
5
What is the remainder when 253 is divided by 12?
1
Calculate the remainder when 6836 is divided by 2273.
17
Calculate the remainder when 64 is divided by 26.
12
Calculate the remainder when 114 is divided by 17.
12
What is the remainder when 304 is divided by 14?
10
What is the remainder when 404 is divided by 71?
49
What is the remainder when 857 is divided by 2?
1
What is the remainder when 166 is divided by 65?
36
Calculate the remainder when 1632 is divided by 86.
84
What is the remainder when 237 is divided by 116?
5
What is the remainder when 100 is divided by 24?
4
Calculate the remainder when 286 is divided by 24.
22
What is the remainder when 924 is divided by 116?
112
Calculate the remainder when 1540 is divided by 67.
66
What is the remainder when 114 is divided by 14?
2
Calculate the remainder when 85 is divided by 81.
4
Calculate the remainder when 4786 is divided by 18.
16
Calculate the remainder when 84 is divided by 9.
3
Calculate the remainder when 45 is divided by 8.
5
Calculate the remainder when 5129 is divided by 18.
17
Calculate the remainder when 623 is divided by 346.
277
What is the remainder when 4224 is divided by 13?
12
What is the remainder when 206 is divided by 9?
8
Calculate the remainder when 354 is divided by 76.
50
What is the remainder when 1851 is divided by 46?
11
What is the remainder when 163 is divided by 47?
22
Calculate the remainder when 212 is divided by 73.
66
What is the remainder when 254 is divided by 86?
82
What is the remainder when 267 is divided by 125?
17
Calculate the remainder when 460 is divided by 82.
50
Calculate the remainder when 749 is divided by 10.
9
Calculate the remainder when 23 is divided by 7.
2
What is the remainder when 532 is divided by 24?
4
Calculate the remainder when 426 is divided by 207.
12
What is the remainder when 197 is divided by 62?
11
Calculate the remainder when 257 is divided by 58.
25
What is the remainder when 213 is divided by 71?
0
What is the remainder when 230 is divided by 47?
42
What is the remainder when 537 is divided by 57?
24
What is the remainder when 1719 is divided by 95?
9
Calculate the remainder when 363 is divided by 73.
71
Calculate the remainder when 4345 is divided by 1445.
10
What is the remainder when 709 is divided by 30?
19
What is the remainder when 76 is divided by 12?
4
What is the remainder when 103 is divided by 21?
19
Calculate the remainder when 20 is divided by 9.
2
Calculate the remainder when 512 is divided by 141.
89
What is the remainder when 107 is divided by 30?
17
Calculate the remainder when 208 is divided by 66.
10
Calculate the remainder when 257 is divided by 44.
37
Calculate the remainder when 240 is divided by 22.
20
Calculate the remainder when 1645 is divided by 27.
25
What is the remainder when 2428 is divided by 17?
14
Calculate the remainder when 1107 is divided by 159.
153
What is the remainder when 1816 is divided by 12?
4
Calculate the remainder when 109 is divided by 47.
15
What is the remainder when 1463 is divided by 24?
23
What is the remainder when 15046 is divided by 38?
36
Calculate the remainder when 1445 is divided by 154.
59
Calculate the remainder when 1532 is divided by 504.
20
Calculate the remainder when 68 is divided by 41.
27
What is the remainder when 26 is divided by 6?
2
Calculate the remainder when 108 is divided by 21.
3
What is the remainder when 70 is divided by 26?
18
What is the remainder when 3184 is divided by 134?
102
Calculate the remainder when 1014 is divided by 48.
6
Calculate the remainder when 1958 is divided by 650.
8
What is the remainder when 1926 is divided by 194?
180
What is the remainder when 49 is divided by 18?
13
What is the remainder when 235 is divided by 30?
25
Calculate the remainder when 197 is divided by 6.
5
What is the remainder when 455 is divided by 38?
37
What is the remainder when 423 is divided by 25?
23
What is the remainder when 6340 is divided by 14?
12
What is the remainder when 304 is divided by 51?
49
Calculate the remainder when 2129 is divided by 360.
329
Calculate the remainder when 85 is divided by 48.
37
Calculate the remainder when 2474 is divided by 92.
82
What is the remainder when 57973 is divided by 287?
286
Calculate the remainder when 8926 is divided by 6.
4
What is the remainder when 3580 is divided by 326?
320
Calculate the remainder when 141 is divided by 8.
5
Calculate the remainder when 78 is divided by 27.
24
What is the remainder when 178 is divided by 155?
23
Calculate the remainder when 91 is divided by 3.
1
What is the remainder when 2696 is divided by 22?
12
Calculate the remainder when 5582 is divided by 26.
18
What is the remainder when 698 is divided by 70?
68
What is the remainder when 197 is divided by 49?
1
What is the remainder when 1521 is divided by 18?
9
What is the remainder when 3405 is divided by 213?
210
Calculate the remainder when 853 is divided by 120.
13
Calculate the remainder when 902 is divided by 38.
28
Calculate the remainder when 153 is divided by 37.
5
Calculate the remainder when 10266 is divided by 293.
11
Calculate the remainder when 4138 is divided by 230.
228
Calculate the remainder when 32 is divided by 4.
0
What is the remainder when 411 is divided by 276?
135
What is the remainder when 111 is divided by 6?
3
What is the remainder when 25 is divided by 18?
7
What is the remainder when 422 is divided by 22?
4
Calculate the remainder when 15 is divided by 4.
3
What is the remainder when 6665 is divided by 101?
100
What is the remainder when 104 is divided by 44?
16
What is the remainder when 115 is divided by 25?
15
Calculate the remainder when 160 is divided by 38.
8
What is the remainder when 587 is divided by 118?
115
What is the remainder when 112 is divided by 40?
32
What is the remainder when 1087 is divided by 17?
16
Calculate the remainder when 386 is divided by 34.
12
Calculate the remainder when 73 is divided by 19.
16
Calculate the remainder when 1590 is divided by 145.
140
Calculate the remainder when 4871 is divided by 58.
57
What is the remainder when 114 is divided by 32?
18
What is the remainder when 565 is divided by 52?
45
What is the remainder when 300 is divided by 41?
13
Calculate the remainder when 1510 is divided by 101.
96
Calculate the remainder when 1163 is divided by 28.
15
Calculate the remainder when 215 is divided by 71.
2
Calculate the remainder when 347 is divided by 22.
17
What is the remainder when 269 is divided by 31?
21
Calculate the remainder when 105 is divided by 30.
15
What is the remainder when 143 is divided by 49?
45
What is the remainder when 695 is divided by 18?
11
What is the remainder when 2882 is divided by 31?
30
What is the remainder when 1161 is divided by 236?
217
Calculate the remainder when 12 is divided by 8.
4
What is the remainder when 4173 is divided by 278?
3
What is the remainder when 74 is divided by 47?
27
Calculate the remainder when 224 is divided by 22.
4
Calculate the remainder when 1903 is divided by 60.
43
What is the remainder when 103 is divided by 27?
22
What is the remainder when 377 is divided by 8?
1
Calculate the remainder when 635 is divided by 50.
35
Calculate the remainder when 2055 is divided by 11.
9
What is the remainder when 754 is divided by 84?
82
Calculate the remainder when 6778 is divided by 30.
28
Calculate the remainder when 39246 is divided by 44.
42
Calculate the remainder when 30 is divided by 6.
0
Calculate the remainder when 318 is divided by 36.
30
What is the remainder when 843 is divided by 241?
120
Calculate the remainder when 29 is divided by 10.
9
Calculate the remainder when 254 is divided by 124.
6
Calculate the remainder when 52 is divided by 8.
4
Calculate the remainder when 591 is divided by 76.
59
What is the remainder when 295 is divided by 23?
19
Calculate the remainder when 1551 is divided by 763.
25
Calculate the remainder when 149 is divided by 42.
23
Calculate the remainder when 538 is divided by 77.
76
Calculate the remainder when 1214 is divided by 9.
8
What is the remainder when 522 is divided by 292?
230
Calculate the remainder when 495 is divided by 35.
5
What is the remainder when 5243 is divided by 76?
75
What 